 - x. Calculate h(n).
-7
Suppose -2*d - d = -3483. Let y(o) = -3 + d*o - 1162*o + 3 - 1. Determine y(-5).
4
Let g(r) = r**2 - 23*r + 26. Let h(v) = v**3 + 107*v**2 + 206*v - 398. Let s be h(-105). Calculate g(s).
4
Suppose -20*k + 34 = -3*k. Suppose n = -3*y - 6, 0 = 2*n - 5*n - 4*y + 2. Let r(l) = -13*l**k + 122*l - 120*l - 1 - n*l**2. Calculate r(1).
-18
Let g(j) = j - 1. Suppose -8 = 4*d + v, -d + 8 = -5*d - 5*v. Let u(x) = -9*x. Let q(t) = d*g(t) + u(t). Give q(1).
-9
Let r(f) = -2*f - 1. Suppose 5 = -2*g + 17. Suppose -10 = -g*p + 8. Give r(p).
-7
Let l = 3203 - 3196. Let k(g) = g**3 - 8*g**2 + 6*g - 12. Determine k(l).
-19
Suppose 2*f - 9 - 3 = 0. Let g(c) = 0*c - 3*c - f*c + 4*c. Let y be -1*((-171)/133 - 2/(-7)). What is g(y)?
-5
Let c(o) = -4*o**2 - 26*o + 16. Let m be c(-7). Let v be (m + 22)*2/(-12)*2. Let p(f) = f + 13. Calculate p(v).
5
Let l(s) = s + 6. Let f be l(-5). Let m(o) = -6*o + f - o**2 - 2 + 3*o. Suppose -20*i = -55*i - 35. What is m(i)?
1
Let j(v) = 11*v + 80. Let c(n) = -3*n**2 + 367*n + 993. Let a be c(125). Calculate j(a).
3
Let b = -20 + 23. Suppose -4*w + 0*j + 19 = -j, -b*w + 8 = -2*j. Let p(h) = -h**3 + 0*h - 3*h - 4*h - w*h**2 - 4. What is p(-4)?
-8
Suppose 0*r + 4*o + 3 = -r, -r + 4*o + 29 = 0. Let m(s) = 9 - 6 - 7 - r - s. Calculate m(-6).
-11
Let d(y) = y. Let i(n) = 11*n. Let r(p) = 6*d(p) - i(p). Let j(g) = g**2 - 52*g - 2806. Let z be j(-33). What is r(z)?
5
Let l be ((-90)/(-40))/(1/(-12)). Let d be 6/4*(-684)/l. Let b(g) = -46 + 5*g + 2*g**3 - g**3 + 7*g**2 + d. What is b(-6)?
-2
Let x = -28 - -41. Let h(z) = 2*z - 23. Let l be h(x). Let n(k) = -k - 4*k**2 + 3 + 36*k**3 + 37*k**l - 74*k**3. Calculate n(-3).
-3
Let w(o) = -174*o + 697. Let m be w(4). Let g(h) be the second derivative of -7*h**4/6 - h**3/6 + 4*h. Calculate g(m).
-15
Let p(v) be the second derivative of 17*v**3/6 + 137*v**2/2 - 5412*v. Give p(-8).
1
Let y(q) = -25*q + 28. Let b be 735/1225 - 4/30*-3. What is y(b)?
3
Suppose 4*l + 2*a - 12 = 0, 0 = -3*l - 0*a - 5*a + 16. Let y(o) = -o**2 - 8*o + 13. What is y(l)?
-7
Let r = -186595 - -186605. Let g(a) be the second derivative of -a**3/2 + 13*a**2/2 - a. Calculate g(r).
-17
Let l(r) = -8 - 2*r + 2*r + 2 - r. Suppose 3*o + 4*t - 6*t + 1775 = 0, 5*o = 2*t - 2965. Let k = -601 - o. What is l(k)?
0
Let s(w) = w**3 + 4*w**2 + 12*w + 19. Suppose -122 = 303*k - 242*k. What is s(k)?
3
Let i = 10 - -45. Suppose -8*t - 1 = i. Let s(k) = -1 + 6*k + k**2 - 6 - 1. Calculate s(t).
-1
Let i(r) = 146*r + 2. Let w(q) = 448*q + 7. Let u(p) = 3*i(p) - w(p). Let o be 3*2 - (5 + -3). Suppose -t - 3*t = o. What is u(t)?
9
Let s(c) = 4*c**2 + 43*c - 20. Let o(g) = -4*g**2 - 42*g + 18. Let j(b) = 4*o(b) + 3*s(b). Let u be j(-10). Let x(a) = 2*a - 2. What is x(u)?
2
Let x = 9494 - 9500. Let h(r) = r + 4. What is h(x)?
-2
Suppose -5*f - 3*a + 2*a - 21 = 0, 0 = -3*f + 3*a - 27. Let m(q) be the second derivative of 2*q**3/3 + 10*q**2 + 161*q. Give m(f).
0
Suppose 195 = 318*h + 306*h - 637*h. Let b(z) = -2*z**3 - 31*z**2 - 19*z - 51. Give b(h).
9
Let m be 20/(-8 + -4 + 14). Let g(x) be the first derivative of 1/2*x**2 - 1/3*x**3 + m + x. Determine g(2).
-1
Let c(h) = 3*h**3 + h**2 - h. Let m be c(1). Suppose 0 = -y + 6*y - q + 32, 4*y + 30 = m*q. Let d(k) = -k**3 - 6*k**2 - k - 5. What is d(y)?
1
Let m(b) be the third derivative of -b**5/60 + 7*b**4/24 + 4*b**3/3 - 6*b**2 - 25*b - 9. Suppose -3 = 2*i - 19. Calculate m(i).
0
Suppose -2*w + v - 1 = -2*v, -w + v - 1 = 0. Let n(f) = -f**3 - f**2 + f - 1. Let s(c) = c**3 - 2*c**2 - 5*c - 1. Let z(g) = w*n(g) - s(g). Determine z(-4).
-9
Let f(t) be the first derivative of t**3/3 - 5*t**2 - 28*t + 1028. Give f(9).
-37
Suppose 0 = -87*r + 77*r + 30. Let k(f) = -4*f**2 + 5*f**2 + 0*f + 13 - 2*f**2 - r*f - 2. Calculate k(-5).
1
Let i(s) = 3*s - 10. Let u(k) = -19*k + 19. Let j(y) = -6*i(y) - u(y). Calculate j(-10).
31
Let u(m) = m**2 + 18*m - 23. Let f = 223 - 233. Let c be -38*(15/50)/((-6)/f). Calculate u(c).
-4
Let o(n) = -2*n - 1. Let j be -9*1 - 112/(-14). Let y(v) = v + 2. Let s(t) = j*y(t) - 4*o(t). Calculate s(-5).
-33
Let i be (14 - 15)*((-3)/12)/((-2)/48). Suppose 13 = -f + 4*c, -4*f - 2*c + 1 = -37. Let m(n) = -f*n + n - 3*n - 8 - n**2. Determine m(i).
10
Let w(r) = -8*r**2 - 6*r**2 + 23*r**2 - 5*r**2 - r**2 - 15 - 10*r. Give w(8).
97
Let l(j) = -2*j + 1. Let k be 3/1*(-2)/(-2). Suppose -k*m + 2*o + 33 = -91, -89 = -3*m - 5*o. Suppose 6 = -m*p + 40*p. What is l(p)?
-5
Suppose 10*r - 139 + 89 = 0. Suppose 3*o - 21 = -r*x + 2*x, 0 = -x + 5*o - 11. Let j(p) = -2*p**2 + 8*p + 2. Determine j(x).
2
Let c(t) = -10*t**2 - 43*t - 13. Let s(a) = -3*a**2 - 14*a - 4. Let w(k) = -2*c(k) + 7*s(k). Suppose 4*o + 76 = 28. Determine w(o).
-2
Let t(b) = -2*b**3 - 5*b**2 - 31*b + 6. Let y(v) = -5*v**3 - 14*v**2 - 98*v + 20. Let k(f) = 8*t(f) - 3*y(f). Give k(-6).
0
Suppose 4 = 5*w + 3*o, 0 = -4*w + o + 11 - 1. Let f(c) = 3 - 221*c + 5*c**w + 0*c**3 + 223*c - 6 - 2*c**3. Give f(4).
-43
Suppose -3*v - 1902 = -4*a, 3*a = -33*v + 37*v + 2529. Let l = v + 632. Let h(f) = -16*f. Give h(l).
-32
Let a(f) be the third derivative of f**6/120 - f**5/20 - f**4/12 - 2*f**3/3 - f**2. Suppose -621*y + 1386 = -1098. Give a(y).
4
Let a(i) = i**3 - 6*i**2 + 28*i - 23. Let s(m) = -2*m**3 + 12*m**2 - 59*m + 47. Let j(h) = -15*a(h) - 7*s(h). Give j(7).
-82
Let q(g) = 11*g - 128. Let k be q(12). Suppose -k*c + 2 = 2*u, -2*c + 3*u = 45 - 66. Let z(x) = x**2 + x - 4. Calculate z(c).
8
Let d(z) = z**2 + 17*z + 33. Suppose -2238 = -33*a - 2700. Determine d(a).
-9
Let w(o) = o**2 - o - 1. Let a(y) = y + 4. Let n be a(2). Let v(p) = -2*p**2 + 14*p - 8. Let j be v(n). Calculate w(j).
11
Let u(l) = -117*l**2 + 116*l - 670. Let j(x) = 19*x**2 - 19*x + 109. Let d(r) = 37*j(r) + 6*u(r). Suppose -3*y = -7*y + 2*c + 14, -y + 9 = 5*c. Give d(y).
1
Let v(i) = 3*i**3 + 9*i**2 + 16*i + 9. Let z(l) = 7*l**3 + 18*l**2 + 32*l + 17. Let q(a) = 5*v(a) - 2*z(a). Give q(-7).
-3
Let h(v) = 4*v + 11. Suppose -4*f - 6*a + 2*a = 76, 3*f - 7*a = -7. Calculate h(f).
-45
Let m(r) = -r**2 + 11*r + 8. Suppose 2*n = 4 - 0, 4*d = -5*n + 2. Let y(g) = 3 - 5 + g**2 - 9*g - 3 - 2. Let x(h) = d*m(h) - 3*y(h). What is x(6)?
-1
Let d = -908 - -910. Let y(c) = 1355 + 4*c**2 - 15*c**d + c**3 - 1341 - 27*c. Calculate y(13).
1
Suppose 20*t = z + 3*z + 144, 0 = 3*z + 2*t - 11. Let v(k) = 26*k - 16. Let c(d) = 9*d - 5. Let l(w) = 16*c(w) - 5*v(w). Calculate l(z).
-14
Let q = 8 + -5. Let z(o) = -o**3 - q + 6*o - 14*o + 4 - 19 + 13 - 10*o**2. Calculate z(-9).
-14
Let l(u) = 2*u**2 - 33*u - 29. Let h(t) = -5*t**2 + 67*t + 58. Let a(r) = 4*h(r) + 9*l(r). Determine a(-13).
10
Let u(d) be the first derivative of d**7/120 - d**6/360 - d**5/120 - d**4/24 - 35*d**3/3 - d**2/2 - 32. Let f(p) be the third derivative of u(p). What is f(-1)?
-8
Suppose -2*r + 3 - 5 = -4*f, -12 = -4*f + 4*r. Let c(y) = -4*y - 11. Give c(f).
-3
Suppose 0 = w + v - 6, -2*w + 20 = 5*v - v. Let j(g) = 8*g + w*g**2 + 4 - g + g - 5*g. Give j(-2).
6
Suppose 63*i = -2022 + 1959. Let l(m) be the first derivative of 13*m**5/120 - m**4/24 - m**3/3 + 1. Let r(s) be the third derivative of l(s). What is r(i)?
-14
Suppose 519*w + 168 = 518*w. Let d = -171 - w. Let m(o) = 2*o**3 + 4*o**2 - 2*o - 4. What is m(d)?
-16
Let r(h) = -2*h - 4. Let i(y) = 357*y - 1419. Let b be i(4). Determine r(b).
-22
Let p(u) = -35*u. Let a(z) = -9*z. Let q(c) = 15*a(c) - 4*p(c). Let t(g) = -g**3 - 6*g**2 - 4*g - 20. Let d be t(-6). Let l be 2*(14/d - 4). Calculate q(l).
-5
Let l be (-11830)/17 - (40/(-68))/(-5). Let p be l/(-88) - ((-9)/(-33))/(-3). Let v(q) = -q**2 + 5*q - 1. Determine v(p).
-25
Let p(z) = z**2 - 10*z - 4. Let k(i) = -i**3 - 16*i**2 + 8. Let t = 159 + -175. Let c be k(t). Determine p(c).
-20
Let x be -5*6/(6 - 12). Suppose 5*d + 0*d = 4*l + x, 0 = -l + 2*d + 1. Let i(j) = -j**2 - 2. Calculate i(l).
-27
Let h(i) = i**3 - 4*i**2 - 2*i + 7. Suppose 0*u = 4*u - 0*u. Suppose -5*l + 2 = 3*o - 17, l + 2*o - 1 = u. What is h(l)?
22
Let d(h) = -h**3 - h + 1. Let x(v) = 5*v**3 - 6*v**2 + v - 15. Let l(b) = 6*d(b) + x(b). Let i(f) = -7*f**2 - f. Let y be i(-1). What is l(y)?
21
Let a(h) = -h**3 - 28*h**2 - 3*h - 78. Let z be (-2)/(-1)*(-101 + 87). Let p be a(z). Let o(k) = k**3 - 7*k**2 + 3*k - 7. Calculate o